. What is the highest common factor of j and 133?
19
Suppose 213 = -13*j + 1227. Calculate the greatest common factor of j and 117.
39
Let n(o) = -o + 3. Let c be n(0). Suppose c*z - 61 = -4*y, 0*y - 3*y + 4*z = -77. Let l be -10*((-69)/6 - -2). What is the greatest common factor of l and y?
19
Let j be (-6)/2 + (5 - -1). Suppose 0 = -t + 3*x - 1, j*x - 5 = 10. Calculate the greatest common factor of 35 and t.
7
Suppose o - 4*n = 116, o + 5*n - 555 = -4*o. What is the greatest common factor of 84 and o?
28
Let q = 35 + -26. What is the greatest common factor of 6 and q?
3
Let y(q) = q**2 + 7*q - 17. Let a be y(-9). What is the highest common factor of 4 and a?
1
Let u = -12 + 8. Let p(h) = -12*h - 6. Let z be p(u). Calculate the highest common factor of z and 28.
14
Suppose -r + y + 74 = 0, 0*r - 2*r + 136 = y. Calculate the highest common divisor of 10 and r.
10
Suppose 4 + 6 = 2*r, -3*r - 485 = -4*u. What is the highest common factor of 5 and u?
5
Suppose 0 = i - 62 + 22. Let a = -19 + 79. Suppose 2*m - a = -m. Calculate the greatest common divisor of m and i.
20
Let h = 11 + -8. Suppose -2 - 1 = -d. Suppose -d*l = -h*s - 15, l + s = 6*s + 1. What is the greatest common divisor of l and 30?
6
Suppose 2*l = -2*l + w + 216, -5*l + 270 = -5*w. Calculate the greatest common divisor of 6 and l.
6
Let v(j) = j**2 - 7*j + 18. Let k be v(5). Calculate the greatest common divisor of 40 and k.
8
Suppose 6 = -w + 2*c - 2, 0 = -5*c + 25. Suppose 30 = -w*x + 5*x. What is the greatest common divisor of 2 and x?
2
Let b = 19 + 53. What is the highest common factor of 18 and b?
18
Suppose -6*h + 5*h + 3 = 0. Suppose h*s + 0*s = 30. What is the greatest common factor of s and 20?
10
Let a = -67 + 43. Let c be -1*2*a/2. Let j(k) = k**2 - 6*k - 11. Let h be j(9). Calculate the highest common factor of h and c.
8
Suppose -6*b + 4 = -5*b. Let s be 6/(-18) - b/6. Let j be 1/(s/363*-3). Calculate the greatest common factor of j and 11.
11
Let f = -103 + 151. Calculate the highest common factor of f and 6.
6
Let n be 3/6 - 95/(-2). Suppose -3*z + i + 52 = 0, -3*z = 2*i - 5*i - n. Let c = 2 + 0. Calculate the greatest common factor of z and c.
2
Let r = 534 + -345. Calculate the highest common divisor of 21 and r.
21
Suppose 179 - 659 = -10*u. Calculate the highest common factor of u and 3.
3
Let u = 58 - 25. Suppose 2*t = 5*t - u. Let k = -74 + 129. What is the highest common divisor of k and t?
11
Let i be (-6)/((-2)/1) + 0. Let j(g) = 5 + 6*g**2 - 2*g**3 - 5*g - 3*g**3 + 4*g**i. Let u be j(5). What is the highest common divisor of u and 35?
5
Suppose -1 = 4*s - 137. Calculate the greatest common factor of 51 and s.
17
Let p = 130 + -88. Suppose 7*l - 2*l = 100. Suppose 0 = 5*k - l, -w = 2*k - 28 - 8. What is the greatest common factor of p and w?
14
Suppose v - 5*v - 8 = 0. Let p(o) = o + 2. Let z be p(v). Suppose z = r - 0 - 2. Calculate the greatest common factor of 3 and r.
1
Let k = 98 + -63. Let a(s) = 2*s**2 + 8*s + 6. Let l be a(-8). Suppose -3*h + l = 2*h. Calculate the highest common factor of h and k.
7
Let a = -3 + -1. Let l be 74/(-6) - a/12. Let y be (-3)/l + (-838)/(-8). Calculate the highest common factor of 15 and y.
15
Let f(c) = c**2 + 4*c + 5. Let u be f(-7). Suppose 3*x + 2*m = u, 0 = x + 4*x - 4*m - 80. What is the greatest common factor of x and 132?
12
Let n be (-84)/(-8) + 2/4. Calculate the highest common divisor of n and 77.
11
Let n(r) = -r**3 - 16*r**2 - 5*r - 12. Let c be n(-16). What is the highest common factor of 102 and c?
34
Suppose -3*n + 5*n - 24 = 4*y, 2*y + 6 = 0. Suppose -n = -p + 4. Calculate the highest common factor of p and 20.
10
Suppose -4*p + 5*t = -27, 4*t - 37 = -5*p + 7*t. Suppose 3*u = 1 + p. Calculate the highest common factor of 27 and u.
3
Suppose -4*o = o + 50. Let n be (-2)/3 + (-4)/(-6). Let d = n - o. What is the greatest common factor of 5 and d?
5
Let i(a) = a**2 + 3*a - 8. Let y be i(-6). Calculate the greatest common factor of y and 4.
2
Suppose 3*t + 2*x = 7, 8*x - 3*x = -5*t + 15. Let b(q) = 19*q**3 + 2*q**2 - 1. Let n be b(t). What is the greatest common divisor of n and 80?
20
Let h be (-2)/2 + 41 + 3. Suppose -5*x + h = -17. What is the greatest common divisor of 4 and x?
4
Suppose 2*v - 386 = -78. Calculate the highest common divisor of 14 and v.
14
Let q(a) = -13*a**2 + a + 1. Let d be q(2). Let i = d + 84. What is the greatest common factor of i and 7?
7
Let r be -31*(-5 - -3 - -1). Let j = 48 - 25. Suppose f + 2*f = -p + r, -2*f + j = 3*p. What is the highest common factor of 50 and f?
10
Suppose -25 = -4*y + 3*t, 0*y + 2*t + 22 = 4*y. Suppose 2*c = y*g + 2, -2*c - g = 2*c - 31. Calculate the highest common factor of c and 35.
7
Let s be ((-2 - -1)*3)/((-1)/1). Let g = 16 - 9. Let a be (-8)/(-4) - g*-1. What is the greatest common divisor of s and a?
3
Let u = 13 + -9. Let g be (22 - 0)*u/8. What is the highest common factor of 99 and g?
11
Suppose y + 4*z = 10, 2*z = 3*z - 2. Suppose 5*t - 5*h = 20, 8 = -3*t + h - y*h. Let w be (10 + 4)*(-1)/t. What is the greatest common factor of 42 and w?
14
Suppose -17*m + 1880 + 738 = 0. What is the highest common factor of 42 and m?
14
Let k(m) = 2*m + 12. Let q be k(5). What is the highest common factor of q and 11?
11
Let u(x) = 4*x**2 - 5*x - 1. Let s be u(7). What is the greatest common divisor of s and 64?
32
Let n = 42 - 26. Calculate the greatest common factor of n and 144.
16
Let p be 1/((-50)/(-52) + -1). Suppose -5*v - 8 = 12. Let q = v - p. Calculate the greatest common divisor of q and 2.
2
Let p be -26*-3*3/9. What is the highest common divisor of 182 and p?
26
Let f(j) = 3*j**2 - 5*j - 6. Let g be f(5). Let u = g + -26. What is the highest common factor of 90 and u?
18
Let q be (-4)/30 + 5044/30. Calculate the greatest common factor of 21 and q.
21
Let p = -429 + 433. Suppose -3*j = -5*n + 10, -2*n + 3*j - 4 = -4*n. Let a be -2 - -2 - -46 - n. What is the highest common divisor of p and a?
4
Suppose 0 = 3*d - 2*i - 23, -2*d + 4 = 4*i - 6. Let n = d - 2. Calculate the greatest common factor of 35 and n.
5
Let u = -143 - -356. Let z = u + -114. What is the greatest common divisor of 9 and z?
9
Suppose -7 - 1 = -2*p. What is the highest common divisor of 12 and p?
4
Let r(z) = -z**3 - 7*z**2 + 7*z + 12. Let q be r(-8). Let l = -7 + q. Calculate the highest common divisor of 104 and l.
13
Let m = 21 - 13. Let r(u) = -6*u + m*u**2 + 3 - u**3 + 2*u - 12. Let w be r(7). Calculate the greatest common factor of 60 and w.
12
Suppose 6 - 3 = 3*p, -2*p = -3*q - 26. Let x = q + 11. Suppose -353 = -4*u + g, g = 2 - x. Calculate the greatest common divisor of u and 11.
11
Suppose 4*i + 5*q = 2*i - 11, 3 = -q. What is the greatest common factor of i and 18?
2
Let j be 120/(-25)*(-10)/4. Calculate the highest common factor of j and 36.
12
Suppose 5*w = 2*w + 1203. Suppose -w = -5*c - 81. Let v(f) = -9*f**3 - 2*f**2 - 2*f - 1. Let n be v(-1). Calculate the greatest common factor of n and c.
8
Let s be ((-17)/(-1))/((-3)/(-9)). Let u(k) = 4*k**2 - 2*k + 6. Let r be u(5). Let q = r - s. What is the greatest common factor of q and 18?
9
Let c = -123 + 216. Calculate the greatest common factor of c and 31.
31
Let w be (-2)/3 - (-196)/42. What is the highest common divisor of 6 and w?
2
Let j(h) = h - 4. Let z be j(5). Let r = -3 + z. Let k = r + 19. Calculate the greatest common divisor of k and 153.
17
Let o be (-128)/(-12) + (-2)/(-6). What is the highest common divisor of 121 and o?
11
Suppose 5*t - 9 = 106. Let y = 280 - 119. Calculate the greatest common divisor of y and t.
23
Suppose -w + 3 = 0, -d - 4*d - 22 = -4*w. Let x be 35 + (3 - (0 - d)). Calculate the highest common divisor of x and 6.
6
Let x(y) = 3*y**2 + 9*y + 1. Let q be x(-4). Calculate the highest common divisor of q and 117.
13
Let w be ((-14)/6)/((-11)/66). Let h be 0 + (-224)/6*-3. Calculate the highest common divisor of w and h.
14
Suppose 3*z - 5 = 10. Let v(x) = -x**2 + 6*x + 2. Suppose -7 = -5*b + 23. Let a be v(b). What is the greatest common divisor of a and z?
1
Let u = -84 - -98. Let m = 29 + -11. Let i be 3/((m/140)/3). Calculate the highest common divisor of i and u.
14
Let l(n) = 4*n**2 + 10 + 5*n**2 - 12*n + 6*n - n**3. Let p be l(8). Suppose -u = 3*x - 42, -2*x - 7*u + 2*